{"id":25,"date":"2022-02-22T08:05:09","date_gmt":"2022-02-22T07:05:09","guid":{"rendered":"https:\/\/oldtimerclub-hitzkirch.ch\/about\/"},"modified":"2022-04-13T19:35:46","modified_gmt":"2022-04-13T18:35:46","slug":"about","status":"publish","type":"page","link":"https:\/\/oldtimerclub-hitzkirch.ch\/?page_id=25","title":{"rendered":"Geschichte"},"content":{"rendered":"\n\n\n<h1>\u00dcBER UNS<\/h1>\n<p>Im Jahr 2019 erhielt die Feuerwehr Hitzkirch Plus ein Ersatzfahrzeug f\u00fcr den Land Rover, welcher seit Jahrzehnten zuverl\u00e4ssig seinen Dienst zu Gunsten der Bev\u00f6lkerung geleistet hat. Einige aktive Feuerwehreingeteilten wollten das Fahrzeug nicht loslassen und haben im 2020 den Feuerwehr Oldtimer Club Hitzkirch gegr\u00fcndet.&nbsp;<\/p>\n\n\n\n\n\n\n\n","protected":false},"excerpt":{"rendered":"","protected":false},"author":0,"featured_media":0,"parent":0,"menu_order":0,"comment_status":"closed","ping_status":"closed","template":"","meta":{"pagelayer_contact_templates":[],"_pagelayer_content":"","footnotes":""},"class_list":["post-25","page","type-page","status-publish","hentry"],"_links":{"self":[{"href":"https:\/\/oldtimerclub-hitzkirch.ch\/index.php?rest_route=\/wp\/v2\/pages\/25","targetHints":{"allow":["GET"]}}],"collection":[{"href":"https:\/\/oldtimerclub-hitzkirch.ch\/index.php?rest_route=\/wp\/v2\/pages"}],"about":[{"href":"https:\/\/oldtimerclub-hitzkirch.ch\/index.php?rest_route=\/wp\/v2\/types\/page"}],"replies":[{"embeddable":true,"href":"https:\/\/oldtimerclub-hitzkirch.ch\/index.php?rest_route=%2Fwp%2Fv2%2Fcomments&post=25"}],"version-history":[{"count":5,"href":"https:\/\/oldtimerclub-hitzkirch.ch\/index.php?rest_route=\/wp\/v2\/pages\/25\/revisions"}],"predecessor-version":[{"id":133,"href":"https:\/\/oldtimerclub-hitzkirch.ch\/index.php?rest_route=\/wp\/v2\/pages\/25\/revisions\/133"}],"wp:attachment":[{"href":"https:\/\/oldtimerclub-hitzkirch.ch\/index.php?rest_route=%2Fwp%2Fv2%2Fmedia&parent=25"}],"curies":[{"name":"wp","href":"https:\/\/api.w.org\/{rel}","templated":true}]}}